{"id":811,"date":"2017-07-13T20:18:46","date_gmt":"2017-07-13T18:18:46","guid":{"rendered":"https:\/\/www.lhg-ffm.de\/?page_id=811"},"modified":"2017-07-13T20:18:46","modified_gmt":"2017-07-13T18:18:46","slug":"die-lhg-frankfurt","status":"publish","type":"page","link":"https:\/\/lhg-ffm.de\/","title":{"rendered":"Die LHG Frankfurt"},"content":{"rendered":"<p><a href=\"https:\/\/lhg-ffm.de\/wp-content\/uploads\/sites\/23\/2019\/07\/LHGFFM_Logo.jpg\"><img decoding=\"async\" class=\"alignnone size-medium wp-image-952\" src=\"https:\/\/lhg-ffm.de\/wp-content\/uploads\/sites\/23\/2019\/07\/LHGFFM_Logo.jpg\" alt=\"\" width=\"100%\" srcset=\"https:\/\/lhg-ffm.de\/wp-content\/uploads\/sites\/23\/2019\/07\/LHGFFM_Logo.jpg 960w, https:\/\/lhg-ffm.de\/wp-content\/uploads\/sites\/23\/2019\/07\/LHGFFM_Logo-300x224.jpg 300w, https:\/\/lhg-ffm.de\/wp-content\/uploads\/sites\/23\/2019\/07\/LHGFFM_Logo-768x573.jpg 768w\" sizes=\"(max-width: 960px) 100vw, 960px\" \/><\/a><\/p>\n<div>\n<div style=\"float: left;width: 45%;padding-right: 5%\">\n<p>Wir sind eine Gruppe von Studierenden aus&nbsp;verschiedenen Fachbereichen, Semestern und Studieng\u00e4ngen. Wir treffen uns ungef\u00e4hr alle zwei Wochen zu einem Gruppentreffen, bei dem wir \u00fcber die Universit\u00e4t, das Studium, Hochschulpolitik, und alles m\u00f6gliche sprechen. Uns vereint das liberale Weltbild und das Ideal der Freiheit.<\/p>\n<p>Wir freuen uns immer \u00fcber neue Mitglieder oder Interessenten Falls du uns einmal kennen lernen m\u00f6chtest oder mehr Informationen haben m\u00f6chtest, kannst du uns gerne \u00fcber Facebook (<a href=\"https:\/\/www.facebook.com\/LHG.FFM\/\">@LHG.FFM<\/a>) oder Instagram (<a href=\"https:\/\/www.instagram.com\/lhg.ffm\/\">@lhg.ffm<\/a>) schreiben. Wir treffen uns jeden 2. Donnerstag w\u00e4hrend der Semesterzeiten. Gerne laden wir dich auch zu unserem n\u00e4chsten Gruppentreffen&nbsp;ein!<\/p>\n<p>Wir freuen uns auf deine Nachricht!<\/p>\n<\/div>\n<div style=\"float: left;width: 50%;height: 100%\">[custom-facebook-feed]<\/div>\n<\/div>\n<div><\/div>\n<div>\n<div class=\"clear\"><\/div>\n<\/div>\n","protected":false},"excerpt":{"rendered":"<p>Wir sind eine Gruppe von Studierenden aus&nbsp;verschiedenen Fachbereichen, Semestern und Studieng\u00e4ngen. Wir treffen uns ungef\u00e4hr alle zwei Wochen zu einem Gruppentreffen, bei dem wir \u00fcber die Universit\u00e4t, das Studium, Hochschulpolitik, und alles m\u00f6gliche sprechen. Uns vereint das liberale Weltbild und das Ideal der Freiheit. Wir freuen uns immer \u00fcber neue Mitglieder oder Interessenten Falls du [&hellip;]<\/p>\n","protected":false},"author":68,"featured_media":1234,"parent":0,"menu_order":0,"comment_status":"closed","ping_status":"closed","template":"","meta":{"_monsterinsights_skip_tracking":false,"_monsterinsights_sitenote_active":false,"_monsterinsights_sitenote_note":"","_monsterinsights_sitenote_category":0,"footnotes":""},"class_list":["post-811","page","type-page","status-publish","has-post-thumbnail","hentry"],"_links":{"self":[{"href":"https:\/\/lhg-ffm.de\/index.php?rest_route=\/wp\/v2\/pages\/811","targetHints":{"allow":["GET"]}}],"collection":[{"href":"https:\/\/lhg-ffm.de\/index.php?rest_route=\/wp\/v2\/pages"}],"about":[{"href":"https:\/\/lhg-ffm.de\/index.php?rest_route=\/wp\/v2\/types\/page"}],"author":[{"embeddable":true,"href":"https:\/\/lhg-ffm.de\/index.php?rest_route=\/wp\/v2\/users\/68"}],"replies":[{"embeddable":true,"href":"https:\/\/lhg-ffm.de\/index.php?rest_route=%2Fwp%2Fv2%2Fcomments&post=811"}],"version-history":[{"count":0,"href":"https:\/\/lhg-ffm.de\/index.php?rest_route=\/wp\/v2\/pages\/811\/revisions"}],"wp:featuredmedia":[{"embeddable":true,"href":"https:\/\/lhg-ffm.de\/index.php?rest_route=\/wp\/v2\/media\/1234"}],"wp:attachment":[{"href":"https:\/\/lhg-ffm.de\/index.php?rest_route=%2Fwp%2Fv2%2Fmedia&parent=811"}],"curies":[{"name":"wp","href":"https:\/\/api.w.org\/{rel}","templated":true}]}}